{"id":6,"date":"2019-10-16T09:32:56","date_gmt":"2019-10-16T09:32:56","guid":{"rendered":"https:\/\/xn--schwab-gerst-mlb.de\/?page_id=6"},"modified":"2022-04-04T15:04:17","modified_gmt":"2022-04-04T15:04:17","slug":"home","status":"publish","type":"page","link":"https:\/\/xn--schwab-gerst-mlb.de\/","title":{"rendered":"Home"},"content":{"rendered":"\n<p>Ob Sie ein neues oder ein gebrauchtes Ger\u00fcst ben\u00f6tigen wir haben ein gro\u00dfes Angebot, welches sicher auch Ihren Bed\u00fcrfnissen gerecht wird. Z\u00f6gern sie nicht uns unter der 09659\/9339099 oder 0171\/1845661 anzurufen. Gerne k\u00f6nnen Sie uns auch eine E-Mail an info@schwab-geruest.de senden. Wir konfigurieren Ihr individuelles Ger\u00fcst und machen Ihnen ein gutes Angebot. Verschiedene Hersteller ein System wie Layher, MJ, Alfix, Assco.<\/p>\n","protected":false},"excerpt":{"rendered":"<p>Ob Sie ein neues oder ein gebrauchtes Ger\u00fcst ben\u00f6tigen wir haben ein gro\u00dfes Angebot, welches sicher auch Ihren Bed\u00fcrfnissen gerecht wird. Z\u00f6gern sie nicht uns unter der 09659\/9339099 oder 0171\/1845661 anzurufen. Gerne k\u00f6nnen Sie uns auch eine E-Mail an info@schwab-geruest.de senden. Wir konfigurieren Ihr individuelles Ger\u00fcst und machen Ihnen ein gutes Angebot. Verschiedene Hersteller ein &hellip;<br \/><a href=\"https:\/\/xn--schwab-gerst-mlb.de\/\" class=\"more-link pen_button pen_element_default pen_icon_arrow_double\">Continue reading <span class=\"screen-reader-text\">Home<\/span><\/a><\/p>\n","protected":false},"author":1,"featured_media":0,"parent":0,"menu_order":0,"comment_status":"closed","ping_status":"closed","template":"","meta":{"footnotes":""},"class_list":["post-6","page","type-page","status-publish","hentry"],"_links":{"self":[{"href":"https:\/\/xn--schwab-gerst-mlb.de\/index.php?rest_route=\/wp\/v2\/pages\/6","targetHints":{"allow":["GET"]}}],"collection":[{"href":"https:\/\/xn--schwab-gerst-mlb.de\/index.php?rest_route=\/wp\/v2\/pages"}],"about":[{"href":"https:\/\/xn--schwab-gerst-mlb.de\/index.php?rest_route=\/wp\/v2\/types\/page"}],"author":[{"embeddable":true,"href":"https:\/\/xn--schwab-gerst-mlb.de\/index.php?rest_route=\/wp\/v2\/users\/1"}],"replies":[{"embeddable":true,"href":"https:\/\/xn--schwab-gerst-mlb.de\/index.php?rest_route=%2Fwp%2Fv2%2Fcomments&post=6"}],"version-history":[{"count":6,"href":"https:\/\/xn--schwab-gerst-mlb.de\/index.php?rest_route=\/wp\/v2\/pages\/6\/revisions"}],"predecessor-version":[{"id":57,"href":"https:\/\/xn--schwab-gerst-mlb.de\/index.php?rest_route=\/wp\/v2\/pages\/6\/revisions\/57"}],"wp:attachment":[{"href":"https:\/\/xn--schwab-gerst-mlb.de\/index.php?rest_route=%2Fwp%2Fv2%2Fmedia&parent=6"}],"curies":[{"name":"wp","href":"https:\/\/api.w.org\/{rel}","templated":true}]}}